et z be (3 + 2 + -1)/2. Suppose -5*x - 4*f + 76 = 0, 0*x - f + 28 = z*x. Let h(v) = 4*v**2 - v. Let w be h(1). Calculate the highest common divisor of x and w.
3
Let x be (-1308)/(-52) - (-6)/(-39). What is the greatest common divisor of x and 10?
5
Suppose -7*a + 3*a - 200 = 0. Let p = a - -82. What is the greatest common factor of 80 and p?
16
Suppose -4*b + 94 = c + c, 4*b - 12 = 0. What is the highest common factor of 41 and c?
41
Let i be (8/(-16))/(1/(-72)). Calculate the highest common divisor of 9 and i.
9
Suppose -2*m - f = 4*f - 28, 2*m + 8 = 4*f. Calculate the greatest common divisor of 2 and m.
2
Suppose -4*s - 53 + 2 = -5*t, 2*t - 26 = 3*s. Let i = 7 - t. Let f be 69 - 1 - (2 + i). What is the greatest common divisor of f and 6?
6
Let v = -346 - -598. Suppose 2*d = -2*d + v. Let w = 24 - 17. Calculate the greatest common divisor of w and d.
7
Suppose 0*a = -4*h - 2*a + 6, h = -3*a + 14. Let n = 15 - h. What is the greatest common factor of n and 32?
16
Let i = 49 - 46. Calculate the greatest common divisor of i and 24.
3
Let f(h) = -5*h**3 - 2*h**2 + 2*h - 1. Let k be f(1). Let m = 21 + k. Let a be 44/6 + 104/(-78). What is the greatest common divisor of m and a?
3
Suppose 4*t = 490 - 10. Calculate the highest common divisor of t and 15.
15
Let a = -4 - -8. Let j be ((-3)/a)/((-2)/8). Let s be -3 + j - (-7 - -2). What is the greatest common divisor of s and 35?
5
Let p be 6 + (3 + 1 - 3). Let h(j) = 4*j + 8. Let d be h(p). Suppose 0 = 3*s - 3 - d. What is the greatest common factor of 13 and s?
13
Suppose -4*z = -51 - 201. Suppose -i = -4*i + z. Calculate the highest common divisor of i and 7.
7
Let w be ((-7)/3)/((-1)/9). Suppose -92 = 7*g - 3*g + 2*k, -4*g + 4*k = 92. Let q = 37 + g. What is the highest common factor of q and w?
7
Let h(s) = 3*s - 13. Let d be h(6). What is the greatest common factor of d and 1?
1
Let s be 2/(-3)*(-6)/4. Let z = 1 - s. Suppose z = 4*w - 2*w - 78. Calculate the highest common divisor of 13 and w.
13
Let m(x) = -x**2 - 3*x + 12. Let k be m(-5). Suppose 0 = -k*r + 5*r - 63. Calculate the highest common factor of 105 and r.
21
Let j be (-149 + 1 + 1)*-1. Suppose -36 = -2*a + 3*b + 18, -5*a + 2*b + 135 = 0. Let n = a - 6. What is the greatest common factor of n and j?
21
Suppose -125 - 271 = -5*f + 2*j, 0 = 5*f - j - 398. Let m be (10/4)/(4/80). Suppose 0 = g - 6*g + m. What is the greatest common factor of f and g?
10
Suppose 0 = 3*w - 4 - 2. Suppose u + 5 - 13 = -v, -3*u = -12. What is the highest common factor of w and v?
2
Let j = 175 - 166. Let x be (-1 + 6/(-1))/(-1). Let w be 695/x - 2/7. Calculate the greatest common factor of w and j.
9
Suppose -5*u + 64 + 56 = 0. Let n(a) = -a**3 + 2*a**2 - 3*a + 3. Let c be n(2). Let x be (c*4)/((-6)/4). What is the greatest common factor of u and x?
8
Suppose 0*c - 2*p = -4*c + 280, 5*p = 3*c - 210. Let q(i) = -2 + 0 - 2 + 2*i**2. Let f be q(-4). What is the highest common factor of f and c?
14
Let f = 34 + -22. Calculate the greatest common factor of f and 1.
1
Let g(t) = -2*t + 15 - 23 + t. Let h be g(-17). What is the highest common factor of 45 and h?
9
Let o = -39 + 171. What is the greatest common factor of o and 12?
12
Let f(r) = -r**3 - 3*r**2 + 6*r. Let q be f(-5). Suppose -22 = -2*g - w + q, -3*w = -g + 7. Calculate the greatest common divisor of 133 and g.
19
Suppose -10 = -l + 28. What is the highest common factor of 418 and l?
38
Let r = -3 - -9. What is the greatest common factor of r and 6?
6
Let y be 30/(-9)*(-18 - (-3 - -3)). What is the greatest common divisor of y and 24?
12
Let s(p) = -p**3 + 2*p**2 + p + 1. Let n be s(2). Suppose l + 82 = n*o, 3*l = 5*o + 4 - 146. Let m = -16 + o. Calculate the highest common divisor of 40 and m.
10
Let y be (12/(-15))/((-3)/90). Let s be y + (-2)/(-2) - 0. Let p(i) = i**3 + 4*i**2 + 5. Let h be p(-4). What is the highest common divisor of s and h?
5
Let y = -3 - -7. Suppose 0 = y*u - 184 - 432. Suppose 0 = -5*l + 57 + 13. What is the greatest common divisor of l and u?
14
Let p = -7 - -42. Let r(j) = -7*j. Let m be r(-1). What is the highest common divisor of p and m?
7
Let s(z) = z**3 + 3*z**2 + z + 4. Let x(t) = t**2 - 5*t - 17. Let l be x(7). Let i be s(l). Calculate the greatest common divisor of 7 and i.
1
Suppose 6*l - 4*l - 6 = 0. What is the highest common divisor of l and 6?
3
Let b be 2/3 + 48/9. What is the highest common divisor of b and 12?
6
Suppose -15 = -3*c + 3*m, 5*c - 5 = c - m. Let a(h) = 3 + 0 + 5*h**2 + h + 2*h - 4. Let q be a(c). Calculate the greatest common factor of q and 75.
25
Let z(u) = u**2 - 9*u - 8. Let t be z(11). Suppose 0*y - 19 = -y. Suppose 4*d = 2*s - t, 5*d - 6 = s - y. What is the greatest common divisor of s and 24?
3
Let a(f) = 1 + 3*f + 2 - 13*f - 22*f. Let c be a(-3). What is the greatest common divisor of c and 9?
9
Suppose -82 = -t + 2*c, 4*t + c + c - 278 = 0. Calculate the highest common factor of 8 and t.
8
Suppose 3*n - 4*q + 10 - 61 = 0, n - 4 = -3*q. What is the highest common factor of 13 and n?
13
Let v be 3 - 3 - (0 + -2). Suppose 5*t = v*t + 99. What is the highest common factor of t and 11?
11
Suppose -115 = -4*c - c. Let n = -11 + c. Let j = 11 + 37. What is the highest common divisor of j and n?
12
Let q = -35 + 70. Suppose -c = -5*u + 74, -2*u = 2*c - 18 - 2. Suppose -s = s - u. Calculate the greatest common divisor of s and q.
7
Let b(h) = -h**3 + 2*h + 19. Let z be b(0). What is the highest common factor of 152 and z?
19
Suppose 0 = 4*u - 31 - 29. Let w(s) = 2*s - 9. Let h be w(6). Suppose 4*n + h*q - 12 = -2*q, -3*q = 0. Calculate the greatest common divisor of u and n.
3
Let w(j) = 130*j**2 - 3*j + 3. Let r be w(1). What is the greatest common factor of r and 10?
10
Let n(d) = d**2 + 7*d + 4. Let u be n(-5). Let c be u + 7 - 1*-19. What is the greatest common divisor of c and 30?
10
Let v be (-2)/(-1 + (-2)/(-4)). Suppose 0 = -t + 4*x + 32, -5*t + 5*x + 49 + 111 = 0. Calculate the greatest common factor of v and t.
4
Let c be 3/2*(22 + 0). Suppose 5*n + 3 = c. Let g = n + -3. Calculate the greatest common divisor of g and 12.
3
Let a(p) = p**3 + 3*p**2 - 3*p - 2. Suppose -2*l = 4*o - o - 3, 0 = -5*l + 3*o - 24. Let c be a(l). What is the greatest common factor of 77 and c?
7
Let k(v) = -3*v + 1. Let b be k(-1). Suppose -m + b*t - 71 = 0, -2*m + t - 148 = -t. Let q = 129 + m. What is the highest common factor of 6 and q?
6
Suppose -3*k + 138 = -126. Let t = 0 + 22. What is the highest common factor of t and k?
22
Let n be 4/(-3 + 3 + 1). Calculate the greatest common divisor of 10 and n.
2
Suppose -10 + 3 = -q. Let d = -10 - -11. Calculate the greatest common factor of d and q.
1
Suppose -4*q = 8, -s + 5*s - 5*q = 18. Suppose -n = -2*d - 24, -s*d = -3*d. What is the greatest common divisor of n and 16?
8
Suppose -2*b = -3*b + 423. What is the highest common divisor of 47 and b?
47
Let z(k) = -k**3 - 9*k**2 - 12*k - 15. Let r be z(-8). Calculate the greatest common factor of 136 and r.
17
Suppose -5*t = 4*c + 17, -4*t = -3*c + 4*c + 18. Suppose -23 = -c*x - 3. Let z = 110 - 60. What is the greatest common factor of x and z?
10
Let k = 274 - 189. Suppose -v - 17 = -2*v. Calculate the highest common divisor of k and v.
17
Suppose -2*i = -16 - 0. Suppose 4*j + 12 = i*j. What is the highest common divisor of 3 and j?
3
Suppose 20 - 17 = 3*o. Calculate the highest common divisor of 2 and o.
1
Let j be (-14)/((12/3)/8). Let h = -18 - j. Calculate the greatest common divisor of 40 and h.
10
Let o(j) = -j + 2. Let x be o(-4). What is the highest common factor of x and 24?
6
Suppose -18 = 5*x - 48. Calculate the greatest common factor of 6 and x.
6
Suppose 3*b + 14 = 2*f, -3*f + 7*f = 4*b + 24. Let d be -1*(6 + -2) - b. Let m be 3/(-2)*16/d. What is the highest common divisor of 36 and m?
12
Suppose -5*c - 3*s + 85 = 0, -2*c - c + s + 37 = 0. What is the highest common divisor of 21 and c?
7
Let a(z) = -20*z**3 + z**2 + 3*z + 2. Let m be a(-2). Calculate the greatest common factor of 20 and m.
20
Let r(c) = c**3 - c**2 - c. Let x be r(2). Let a be 0/(4/x) + 32. Let m = -159 + 239. What is the greatest common divisor of m and a?
16
Let f(s) = -28*s - 3. Let j be f(-5). Let q = j - 65. What is the highest common divisor of 9 and q?
9
Let w = -3 